{"id":1873,"date":"2023-02-21T14:19:15","date_gmt":"2023-02-21T20:19:15","guid":{"rendered":"https:\/\/mandarajoyeria.mx\/?product=aretes-mandara-plata-925-con-bano-de-rodio"},"modified":"2023-03-24T12:25:29","modified_gmt":"2023-03-24T18:25:29","slug":"aretes-mandara-plata-925-con-bano-de-rodio","status":"publish","type":"product","link":"https:\/\/mandarajoyeria.mx\/?product=aretes-mandara-plata-925-con-bano-de-rodio","title":{"rendered":"Aretes Mandara Plata 925 con ba\u00f1o de Rodio"},"content":{"rendered":"<p>Par de aretes tipo rayos de sol, fabricados en plata 925 con ba\u00f1o de rodio, Estos Aretes son especiales para usar en tu d\u00eda a d\u00eda si quieres elevar tu daily look<\/p>\n","protected":false},"excerpt":{"rendered":"<p>Aretes tipo sol fabricados en plata 925 con ba\u00f1o de rodio<\/p>\n","protected":false},"featured_media":1790,"comment_status":"open","ping_status":"closed","template":"","meta":[],"etheme_brands":[],"product_cat":[105],"product_tag":[],"class_list":{"0":"post-1873","1":"product","2":"type-product","3":"status-publish","4":"has-post-thumbnail","6":"product_cat-aretes","8":"first","9":"instock","10":"shipping-taxable","11":"purchasable","12":"product-type-simple"},"_links":{"self":[{"href":"https:\/\/mandarajoyeria.mx\/index.php?rest_route=\/wp\/v2\/product\/1873","targetHints":{"allow":["GET"]}}],"collection":[{"href":"https:\/\/mandarajoyeria.mx\/index.php?rest_route=\/wp\/v2\/product"}],"about":[{"href":"https:\/\/mandarajoyeria.mx\/index.php?rest_route=\/wp\/v2\/types\/product"}],"replies":[{"embeddable":true,"href":"https:\/\/mandarajoyeria.mx\/index.php?rest_route=%2Fwp%2Fv2%2Fcomments&post=1873"}],"version-history":[{"count":1,"href":"https:\/\/mandarajoyeria.mx\/index.php?rest_route=\/wp\/v2\/product\/1873\/revisions"}],"predecessor-version":[{"id":2188,"href":"https:\/\/mandarajoyeria.mx\/index.php?rest_route=\/wp\/v2\/product\/1873\/revisions\/2188"}],"wp:featuredmedia":[{"embeddable":true,"href":"https:\/\/mandarajoyeria.mx\/index.php?rest_route=\/wp\/v2\/media\/1790"}],"wp:attachment":[{"href":"https:\/\/mandarajoyeria.mx\/index.php?rest_route=%2Fwp%2Fv2%2Fmedia&parent=1873"}],"wp:term":[{"taxonomy":"brand","embeddable":true,"href":"https:\/\/mandarajoyeria.mx\/index.php?rest_route=%2Fwp%2Fv2%2Fetheme_brands&post=1873"},{"taxonomy":"product_cat","embeddable":true,"href":"https:\/\/mandarajoyeria.mx\/index.php?rest_route=%2Fwp%2Fv2%2Fproduct_cat&post=1873"},{"taxonomy":"product_tag","embeddable":true,"href":"https:\/\/mandarajoyeria.mx\/index.php?rest_route=%2Fwp%2Fv2%2Fproduct_tag&post=1873"}],"curies":[{"name":"wp","href":"https:\/\/api.w.org\/{rel}","templated":true}]}}